10*j + 212 - 252. Calculate the greatest common divisor of n and j.
2
Suppose -4*z + 6 = -14, -3*h = 3*z - 24. Suppose 5*m - 186 = -4*f + h*m, 3*f - 139 = -m. Calculate the greatest common divisor of 23 and f.
23
Let m be 1*(-2)/3*12. Let i(d) = 13*d - 20*d + 8 + 1. Let w be i(m). Calculate the greatest common divisor of w and 13.
13
Let i be 2*-1*(-2 - -1). Suppose -57 - 27 = -21*x. Suppose i + 14 = x*d. What is the greatest common divisor of 8 and d?
4
Suppose 25*c - 392 = 258. Calculate the greatest common factor of 13 and c.
13
Suppose -5*q = -k + 91, -2*k + 58 = -3*q + 2*k. Let p = -8 - q. Calculate the greatest common factor of p and 130.
10
Suppose -4*u + 272 = -120. Let p(s) = -s**3 - 10*s**2 + 9*s - 8. Let z be -4 - -2*(-7)/2. Let c be p(z). Calculate the highest common factor of u and c.
14
Let x = -608 - -1118. Calculate the highest common factor of x and 306.
102
Let a(j) = -2*j - 41. Let s be a(-19). Let w be 3 + (111/(-9))/(s/9). Calculate the highest common factor of w and 8.
8
Suppose -4*g = -3*d - 3*g + 384, 0 = -2*d + 3*g + 249. Calculate the highest common divisor of d and 43.
43
Let g be 3 - (3 - (4 - 2)). Suppose 10 = g*t + 2*y - 12, -2 = -2*t + 2*y. What is the highest common divisor of t and 48?
6
Let q be 2 + (-2)/((-10)/15). Let z be 70/5*q*4/5. Let h = 29 - 21. Calculate the greatest common divisor of h and z.
8
Let l be (-3 + 78/42)/(4/(-14)). Calculate the highest common divisor of l and 220.
4
Suppose -2*l + 7*l = 165. Let q be -1*1 + (-36)/(-3). Calculate the highest common factor of q and l.
11
Let g = -1799 + 2436. What is the highest common factor of 91 and g?
91
Let p = 571 + -315. What is the greatest common divisor of p and 16?
16
Suppose 0 = -q, -2*t + q = -4*q - 8. What is the greatest common factor of t and 228?
4
Suppose 2*d + 54 = -5*x + 208, 5*d - 10 = 0. Let h(i) = 64*i. Let t be h(-1). Let z = -19 - t. Calculate the highest common factor of z and x.
15
Suppose 5*j = -0*j + 350. Let k = 140 - j. Let i be 4/(-14) - (-1840)/k. What is the greatest common divisor of i and 52?
26
Suppose 3*x = 20 + 25. Let q = 87 + -79. Suppose -q*c + 7*c = -120. What is the greatest common divisor of c and x?
15
Let c be 660 + -7 - 7/1. Calculate the highest common factor of 17 and c.
17
Suppose y - 20 = 68. Suppose -4*u = 5*q - 93, -2*q + 14 = u - 10. What is the greatest common divisor of y and u?
22
Suppose 3105 + 7230 = 15*k. What is the greatest common divisor of k and 106?
53
Suppose -20*h + 1175 + 245 = 0. Calculate the highest common divisor of h and 4.
1
Suppose -15*a - 102 + 12 = 0. Let v(p) = 9*p + 89. Let i be v(a). Calculate the greatest common divisor of i and 15.
5
Let d be 11/((-5 + 2)/(-3)). Suppose d*w = 10*w + 2. What is the highest common divisor of w and 16?
2
Suppose -15 - 13 = -2*g - 2*y, -2*g + 29 = y. What is the greatest common factor of g and 3?
3
Suppose 23*s = 18*s, 2352 = 4*u - 2*s. What is the highest common factor of u and 36?
12
Let m be 1/(-9) + -73592*(-2)/144. Calculate the highest common divisor of m and 14.
14
Let l = 874 + -334. Suppose -3*u + l = u. Calculate the highest common factor of 27 and u.
27
Suppose 0 = -2*h, -9*x + 20 = -5*x + 5*h. What is the highest common factor of 125 and x?
5
Let u = 871 - 487. What is the highest common factor of u and 80?
16
Suppose 0 = -8*f + 592 + 1040. Calculate the greatest common divisor of f and 17.
17
Suppose 0 = -4*t + 3*q + 293, 5*t + 4*q = 3*q + 352. Calculate the highest common factor of 355 and t.
71
Suppose 166*f - 3 = 165*f. Calculate the greatest common factor of f and 27.
3
Let l = -5 + 9. Suppose -5*z + l + 2 = 2*q, 4*q = z + 34. Let r = 37 + -13. What is the greatest common divisor of q and r?
8
Let u be 1*(-1 - -3 - 8). Let n be (5/u)/((-3)/18). Suppose 3*y + 4*c = 299, -n*y + 4*c = -453 - 88. What is the greatest common factor of y and 42?
21
Let q = -28 - -10. Suppose m = -m + 20. Let f be (36/m)/(q/(-300)). What is the greatest common factor of 40 and f?
20
Suppose -5*o = -4*o - 20. Suppose 3*r - 5*i - 32 = -r, 5*r + 3*i - 3 = 0. Suppose 24 = 5*u + 2*p, 7 = r*u + p - 7. What is the highest common factor of o and u?
4
Suppose -2*p - 524 = -3*k, -184 = -4*k + 3*k - 4*p. Calculate the highest common factor of k and 110.
22
Suppose -6*a = -19 - 47. Let n(c) = 37*c**3 + c**2 + 5*c - 13. Let s be n(2). Calculate the highest common divisor of a and s.
11
Suppose -5*p + r = 4*r - 126, -2*p = -4*r - 66. Let u = 44 - p. What is the highest common factor of 17 and u?
17
Suppose -21*v + 1067 = 1025. Calculate the greatest common divisor of 102 and v.
2
Let f = -16 - -27. Suppose 4*c = 5*c. Suppose -242 = -2*b - c*b. Calculate the highest common factor of f and b.
11
Let l = -17 - -25. Let v = l - -12. Calculate the highest common factor of 40 and v.
20
Suppose 2*k - 69 = 27. Suppose -5*l = -g, 0*l = 5*g - l. Let z(w) = w**3 + w**2 + w + 12. Let b be z(g). What is the highest common factor of k and b?
12
Let l be 2/(((-2)/16)/((-1)/4)). Suppose 2*u - 27 = 1. Let t = 16 - u. Calculate the highest common factor of t and l.
2
Let p be (-7)/((-364)/8) - 1712/(-26). Suppose 18 = -2*c + p. Calculate the greatest common divisor of c and 6.
6
Suppose 4*c = 8*c - 1248. Suppose n = -12*n + c. Calculate the highest common factor of 8 and n.
8
Let r = -9 - -12. Let d be 9/((-12)/r + 3). Let l = d - -13. Calculate the highest common factor of l and 8.
4
Suppose 0 = -13*g + 7953 + 887. What is the highest common factor of 40 and g?
40
Let z = -356 - -391. Let d be (-2 - -14) + 1*2. Calculate the highest common factor of z and d.
7
Suppose 4*z - 5 = 15. Suppose -31 = -z*i + 14. Let o be (-968)/12*i/(-6). Calculate the greatest common divisor of 11 and o.
11
Suppose -3*p + 61 = -92. Let x = 164 - 113. Suppose -5*b + 8*b = x. Calculate the highest common divisor of b and p.
17
Let j(h) = h**3 - 13*h**2 - 20*h + 24. Let r be j(15). What is the greatest common divisor of 290 and r?
58
Suppose 303*c + 6 = 304*c. What is the greatest common divisor of 582 and c?
6
Let q = -19 + 21. Let l be (q + 6 + 4)*2. Calculate the highest common divisor of 6 and l.
6
Suppose -1500*o = -1498*o - 80. What is the greatest common factor of o and 200?
40
Let f be (216/(-6))/((-9)/12) - -6. Let s(t) = -t**3 - 3*t**2 + 4*t + 4. Let k be s(-4). Let i = k + 2. What is the greatest common divisor of f and i?
6
Let x(w) = -w**2 - 12*w + 10. Let o be x(-10). Let i = 14 + o. Calculate the greatest common divisor of 22 and i.
22
Let r(z) = 9*z - 244. Let b be r(30). What is the highest common factor of 1261 and b?
13
Suppose 0 = -20*b + 11*b + 3645. Calculate the highest common factor of 15 and b.
15
Suppose 64 = 5*z - 4*z + 4*p, 2*z = -p + 121. Suppose -5*a = -15*a + z. Suppose -3*s = -9, -f - 2 + 10 = 2*s. What is the greatest common factor of f and a?
2
Suppose -23 = -15*g - 8. Calculate the highest common divisor of 25 and g.
1
Suppose -454 = -8*q + 66. Let b(h) = h**3 - 7*h**2 + 4*h + 8. Let t be b(6). Let c be ((-52)/16)/(t/16). Calculate the highest common divisor of c and q.
13
Let w be 29 + 2*(0 - 1). Let n(r) be the first derivative of r**2 - 5*r - 20. Let t be n(7). What is the highest common factor of w and t?
9
Suppose -11*b + 26*b = 45. What is the highest common factor of b and 3?
3
Suppose 0 = -3*p + 4*j + 75, 79*j = 76*j. Calculate the highest common factor of p and 725.
25
Let j = 2869 - 1777. Calculate the highest common divisor of j and 13.
13
Suppose -14*l + 28 = -13*l. What is the highest common divisor of 196 and l?
28
Let z(c) = 5*c + 1. Let f be z(1). Let k(g) = -5*g + 2. Let u be k(-2). What is the highest common divisor of f and u?
6
Let t = -260 + 366. Let w = t + -92. Calculate the greatest common factor of 70 and w.
14
Let p be 62/899 + 1129/29. Calculate the highest common divisor of 3 and p.
3
Let d(x) = 2*x - 19. Let q be d(-18). Let w = 60 + q. Calculate the greatest common factor of w and 10.
5
Let d(m) = m**3 + 13*m**2 + 11*m - 10. Let r be d(-12). Suppose 0 = 3*h - 119 + r. Calculate the greatest common divisor of h and 26.
13
Let o(k) = 4*k**2 - 35*k - 109. Let m be o(-3). Calculate the highest common factor of m and 1568.
32
Let g be 25744/116 + 2/29. What is the greatest common divisor of g and 24?
6
Suppose 14*w - 504 = 13*w. Suppose 16*m -